{"id":695,"date":"2013-06-24T20:35:22","date_gmt":"2013-06-24T20:35:22","guid":{"rendered":"http:\/\/www.jarnascout.se\/?page_id=695"},"modified":"2016-09-12T22:09:05","modified_gmt":"2016-09-12T21:09:05","slug":"avdelningar","status":"publish","type":"page","link":"http:\/\/www.jarnascout.se\/?page_id=695","title":{"rendered":"Avdelningar"},"content":{"rendered":"<div id=\"left_content\">\n<p>Vi har en klassisk scoutavdelnings uppdelning best\u00e5ende av<\/p>\n<p><a href=\"\/?page_id=687\"><img loading=\"lazy\" decoding=\"async\" class=\"alignnone\" src=\"http:\/\/www.jarnascout.se\/wp-content\/uploads\/2011\/02\/sparareitem.png\" alt=\"\" width=\"174\" height=\"32\" border=\"0\" \/><\/a><br \/>\n\u00c5lder 8 &#8211; 9 \u00e5r (f.d. Minior)<\/p>\n<p><a href=\"\/?page_id=681\"><img loading=\"lazy\" decoding=\"async\" class=\"alignnone\" src=\"http:\/\/www.jarnascout.se\/wp-content\/uploads\/2011\/02\/upptackareitem.png\" alt=\"\" width=\"174\" height=\"32\" border=\"0\" \/><\/a><br \/>\n\u00c5lder 10 &#8211; 11 \u00e5r (f.d. Junior)<\/p>\n<p><a href=\"\/?page_id=683\"><img loading=\"lazy\" decoding=\"async\" class=\"alignnone\" src=\"http:\/\/www.jarnascout.se\/wp-content\/uploads\/2011\/02\/aventyrareitem.png\" alt=\"\" width=\"174\" height=\"32\" border=\"0\" \/><\/a><br \/>\n\u00c5lder 12 &#8211; 14 \u00e5r (f.d. Patrull)<\/p>\n<p><a href=\"\/?page_id=685\"><img loading=\"lazy\" decoding=\"async\" class=\"alignnone\" src=\"http:\/\/www.jarnascout.se\/wp-content\/uploads\/2011\/02\/utmanareitem.png\" alt=\"\" width=\"174\" height=\"32\" border=\"0\" \/><\/a><br \/>\n\u00c5lder 15 \u00e5r -&gt; (f.d. Senior)<\/p>\n<p>Det betyder att alla fr.o.m 8 \u00e5rs \u00e5lder (\u00e5rskurs 2) och upp\u00e5t \u00e4r v\u00e4lkomna i v\u00e5r verksamhet.<\/p>\n<p>Vi har \u00e4ven planer p\u00e5 att starta en &#8217;f\u00f6r\u00e4ldra patrull&#8217; om intresse finns. Dess uppgift blir, f\u00f6rutom att l\u00e4ra sig mer om scouting, att fungera som en st\u00f6dfunktion f\u00f6r barnavdelningarna. Dvs, hj\u00e4lpa till som ledare vid behov, hj\u00e4lpa till med program planering, sk\u00f6ta logistik vid l\u00e4ger, matrielv\u00e5rd etc.<\/p>\n<p>Vi ser ocks\u00e5 g\u00e4rna att f\u00f6r\u00e4ldrar \u00e4r med i styrelsen, som tr\u00e4ffas ungef\u00e4r fyra g\u00e5nger per termin, d\u00e5 vi tror det \u00e4r ett viktigt tillskott av ide\u00e9r. Det \u00e4r ocks\u00e5 en stor avlastning f\u00f6r ledarna som d\u00e5 f\u00e5r mer tid och energi till barnverksamheten.<\/p>\n<p>&nbsp;<\/p>\n<\/div>\n","protected":false},"excerpt":{"rendered":"<p>Vi har en klassisk scoutavdelnings uppdelning best\u00e5ende av \u00c5lder 8 &#8211; 9 \u00e5r (f.d. Minior) \u00c5lder 10 &#8211; 11 \u00e5r (f.d. Junior) \u00c5lder 12 &#8211; 14 \u00e5r (f.d. Patrull) \u00c5lder 15 \u00e5r -&gt; (f.d. Senior) Det betyder att alla fr.o.m 8 \u00e5rs \u00e5lder (\u00e5rskurs 2) och upp\u00e5t \u00e4r v\u00e4lkomna i v\u00e5r verksamhet. Vi har \u00e4ven&#8230; <a href=\"http:\/\/www.jarnascout.se\/?page_id=695\">Read more: Avdelningar<\/a><\/p>\n","protected":false},"author":1,"featured_media":0,"parent":0,"menu_order":0,"comment_status":"open","ping_status":"open","template":"","meta":{"footnotes":""},"class_list":["post-695","page","type-page","status-publish","hentry"],"_links":{"self":[{"href":"http:\/\/www.jarnascout.se\/index.php?rest_route=\/wp\/v2\/pages\/695","targetHints":{"allow":["GET"]}}],"collection":[{"href":"http:\/\/www.jarnascout.se\/index.php?rest_route=\/wp\/v2\/pages"}],"about":[{"href":"http:\/\/www.jarnascout.se\/index.php?rest_route=\/wp\/v2\/types\/page"}],"author":[{"embeddable":true,"href":"http:\/\/www.jarnascout.se\/index.php?rest_route=\/wp\/v2\/users\/1"}],"replies":[{"embeddable":true,"href":"http:\/\/www.jarnascout.se\/index.php?rest_route=%2Fwp%2Fv2%2Fcomments&post=695"}],"version-history":[{"count":2,"href":"http:\/\/www.jarnascout.se\/index.php?rest_route=\/wp\/v2\/pages\/695\/revisions"}],"predecessor-version":[{"id":1547,"href":"http:\/\/www.jarnascout.se\/index.php?rest_route=\/wp\/v2\/pages\/695\/revisions\/1547"}],"wp:attachment":[{"href":"http:\/\/www.jarnascout.se\/index.php?rest_route=%2Fwp%2Fv2%2Fmedia&parent=695"}],"curies":[{"name":"wp","href":"https:\/\/api.w.org\/{rel}","templated":true}]}}